m**5/20 - 5*m**4/12 + m**3/3 - m**2/2 + m + 1. What is u(-4)?
-25
Let y(b) = 4 - 5*b + 5*b + 2*b + 0*b. Give y(-5).
-6
Let u(w) = 24*w - w**2 - 5*w - 40*w + 17*w. Let p = 1 + -3. Give u(p).
4
Let i(m) = 4*m**2 - 5*m + 8. Let w(f) = -9*f**2 + 10*f - 17. Let v(j) = 7*i(j) + 3*w(j). What is v(4)?
1
Let i(x) = x**2 - 5*x + 4. Suppose 5*p - 4*z - 5 = 11, 5*p - 2*z = 8. Suppose 0*j + 4*j - 12 = p. Determine i(j).
-2
Let v(c) = c**3 + 3*c**2 - 2*c - 2. Suppose -4 = 5*o - 44. Suppose 4*f = o - 36. Let m = -11 - f. Give v(m).
-10
Let v(k) = -4*k**3 + 12*k**2 - 12*k - 8. Let n(o) = -o**3 + 3*o**2 - 3*o - 2. Let g(f) = -9*n(f) + 2*v(f). Let s = 5 + -2. Determine g(s).
11
Let f(d) be the first derivative of 5*d**4/4 - 2*d**3/3 + d + 4. Suppose -2 = 2*g - 0*g - 2*y, 0 = y - 1. Let a = g - 1. Give f(a).
-6
Let l be (5/(-3) + 2)*3. Let x(j) be the first derivative of -5/4*j**4 + 0*j**3 - 2 + 0*j + 0*j**2. Determine x(l).
-5
Suppose -21 = 4*x - h, -42 = -x + 6*x + 4*h. Let y(z) = 3*z**2 - 2*z - 6. Let f(v) = -6*v**2 + 4*v + 11. Let j(k) = x*f(k) - 11*y(k). Calculate j(2).
8
Let i be (-5 + -1)/(3/2). Let j = i - -8. Let u(k) = -k + 1. Calculate u(j).
-3
Let x(t) = -t**2 - 5*t + 5. Let s be x(-6). Let m(w) = -3*w. Let g be m(s). Suppose 8 = -r - g*r. Let z(n) = -2*n - 3. Determine z(r).
1
Let c(v) = 2*v. Suppose -2*n + 8*r - 4*r = -4, 0 = -3*n + 3*r + 6. Determine c(n).
4
Let t = -162 - -154. Let l(a) = a + 10. What is l(t)?
2
Let j(g) be the second derivative of g**4/6 - g**3/2 + 3*g**2/2 + 2*g. Let u be j(2). Let w(m) = -m**3 + 5*m**2 - 1. Calculate w(u).
-1
Let x(l) = -3*l - 1. Let d(v) = 4*v + 1. Let f(p) = 5*d(p) + 6*x(p). Let y be 2*(4 + -2)/(-1). Let g = -5 - y. Calculate f(g).
-3
Let a(h) = 3*h**2 + 9*h - 10. Let z(g) = -g**2 - g + 1. Let b(k) = a(k) + 4*z(k). Calculate b(5).
-6
Let t(y) = -3*y + 7. Let c(p) = p**2 + 2*p - 9. Let b(u) = 2*c(u) + 3*t(u). Determine b(3).
6
Let k(d) = d - 2. Suppose 0*v + 4*v + 4 = 0. Let w(t) = t. Let z(q) = v*k(q) - w(q). Calculate z(-2).
6
Let r(l) = l**2 + 2*l - 2. Let f be r(-4). Let c(o) = 0 - 1 - f*o + o**2 + 3. Give c(3).
-7
Let b(d) = d**3 - 4*d**2 - d - 6. Let z(n) = -n**3 + n**2 + 5*n + 3. Let y be z(-2). Give b(y).
14
Suppose 4*p - 20 = -4. Let y(n) = -4*n + 21. Let l(q) = 2*q - 11. Let t(i) = -5*l(i) - 2*y(i). Let c(a) = -a + 7. Let m(o) = -11*c(o) + 6*t(o). What is m(p)?
-3
Let b = -8 + 11. Let k(d) = 4*d**b + 0 + 1 + 3*d**3. Suppose -4*t = -2*l + 18, 2*l - t - 4 + 1 = 0. Give k(l).
-6
Let k be (-29)/9 + 30/135. Let t(s) = s**2 + 4*s - 1. Calculate t(k).
-4
Let z(d) = 3*d + 3. Let v(b) = 2*b + 1. Let w(f) = -5*v(f) + 3*z(f). Let h be 36/(-21) + 4/(-14). Let x be -2 + (-1)/(-2)*h. Give w(x).
7
Suppose -2*m = 3*m - 10. Let z(x) = 10*x + x**2 - 4*x + 5 + m. Let i be (-122)/549 + (-43)/9. What is z(i)?
2
Suppose 0 = 2*s - 1 - 11. Let b(t) = t + 2 - s - 2*t. Let k(l) = l - 6. Let d be k(6). Give b(d).
-4
Let h(s) = -s**2 - 4*s + 31. Let r be h(-8). Let q(t) = t. Determine q(r).
-1
Suppose 2*w - w = 0. Let j = w + 4. Let i(u) = -2 - 3*u**3 + 5*u**2 + 4*u + j*u**3 + u**2. Give i(-5).
3
Let p(u) = -1 + u**2 - 4*u**2 - 2*u + 4*u**2. Let n(h) = h**2 - h. Let s(y) = -6*n(y) + 5*p(y). Determine s(-4).
-5
Let r = -7 - -10. Let d(i) = 3*i - 6*i + 2*i - r*i**2 - 1. Let f = 15 + -16. Give d(f).
-3
Suppose 0 = 5*s - v - 18, -5*s - 3*v + 2 + 4 = 0. Let o(b) = -3*b. Determine o(s).
-9
Let z(j) = -j**2 - 5*j - 1. Let h be ((-18)/(-15))/(-3)*5. Let r be (3/h)/(3/(-16)). Suppose 5*p - r = -33. Calculate z(p).
-1
Let z = 21 + -16. Let g(j) = 1 + j + 0 - 2. Give g(z).
4
Let x(h) be the first derivative of 2*h**3/3 + h**2/2 - h + 7. What is x(-2)?
5
Let g(m) = m**2 - 7*m + 2. Suppose 4 - 18 = -2*z. Let x = z - 2. Determine g(x).
-8
Let f(p) be the first derivative of -p**4/24 - p**3/6 + p**2 - 3. Let d(m) be the second derivative of f(m). What is d(-4)?
3
Let i(z) = z**2 - 9*z + 4. Let s be 4/(-8)*2*-8. Calculate i(s).
-4
Let i(l) = -l - 4. Suppose -17 + 5 = 4*x. Determine i(x).
-1
Let s(x) = x**3 + 3*x**2 + 1. Let d(y) = 4*y**3 + 11*y**2 + 3. Let l(i) = 2*d(i) - 9*s(i). Suppose r - 3 - 3 = 0. Let c be (r/9)/((-4)/30). What is l(c)?
-3
Let y(h) = -8*h - 1. Suppose 4*w = -r - 1 + 2, -2*r = -4*w - 14. Suppose 5*s + 4*i + 62 = 0, 2*s - r*i = -2*s - 25. Let p be (s/(-6) + -2)*-3. Give y(p).
-9
Let h(a) be the second derivative of a**4/12 - 4*a**3/3 + 7*a**2/2 - a. Suppose 1 = 2*o - 1. Let z = 6 - o. Calculate h(z).
-8
Suppose -3*o = -0*o - 12. Let l(f) = -f**2 + 7*f - 6. Give l(o).
6
Let j(x) be the first derivative of x**4/4 - 10*x**3/3 + 9*x**2/2 - 2*x + 11. Calculate j(9).
-2
Let c(f) = 17*f + 3*f**2 - 15 - 6 - 5*f**2 + f**2. Give c(16).
-5
Let g(p) be the first derivative of -p**3/3 + 7*p**2/2 - 6*p - 20. Calculate g(6).
0
Let i(p) = p**3 - 4*p**2 + p. Let c(y) = -y**2 + 3*y + 3. Let j = -1 + 4. Suppose a + 2*q - 3*q = -1, -17 = -j*a - 2*q. Let w be c(a). Calculate i(w).
-6
Let c(a) = -a**3 - a**2 + a - 2. Let z be c(0). Let h be 1 + z*(1 - -1). Let o(g) = -g**2 - 4*g - 3. What is o(h)?
0
Suppose 10*u + 48 = 8. Let c(j) = 2*j**2 + 5*j + 3. Calculate c(u).
15
Let o(z) = 0*z - 8 + 6*z - 3*z - 4*z. Determine o(-6).
-2
Let v(c) = c**3 + 5*c**2 - 6*c - 8. Suppose -4*b = 5*n + 76 - 9, b = 2. Let p = 9 + n. Calculate v(p).
-8
Let x be (-26 - -2)/(-2 - -3). Let a be (x/(-30))/(4/50). Let r be (-1 + 6/a)*-5. Let k(s) = -2*s**2 + 3*s. Determine k(r).
-2
Let b(d) be the second derivative of d**4/12 - d**3/3 - d**2/2 + d. Suppose 0 = -3*p + r + 2*r + 12, -14 = -p + 3*r. Calculate b(p).
2
Let d(s) be the first derivative of -s**4/4 + s**3 + s**2 + 2*s + 10. Give d(3).
8
Let q(u) = -3*u + 3. Suppose 18 = -6*w - 12. Calculate q(w).
18
Let b(n) = n**2 - 7*n - 5. Let p be b(8). Suppose 2*i - t - 7 = 0, 0*i - i + t + p = 0. Let x(j) = 2*j**2 - 6*j + 3. What is x(i)?
11
Suppose -8 = 13*h + 109. Let z(p) = p**2 + 7*p - 12. What is z(h)?
6
Let c = -15 - -8. Let z be 2/c - 64/(-28). Let o(v) be the first derivative of -v**2 + 3*v - 2. Determine o(z).
-1
Let w(h) be the first derivative of -h**7/840 + h**6/90 + h**5/20 + h**4/24 + 4*h**3/3 + 1. Let u(i) be the third derivative of w(i). Calculate u(5).
6
Let p(x) = -x**2 + 4*x - 1. Let t(r) = -r**2 + 4*r + 5. Let a be t(4). What is p(a)?
-6
Let s(k) = -k - 7. Suppose -14*w - 71 = -1. Determine s(w).
-2
Let d(g) = -4*g**2 - 5*g + 4. Let z(l) = -5*l**2 - 6*l + 4. Let n(b) = 6*d(b) - 5*z(b). Let m(q) = q + 1. Let a be m(-1). What is n(a)?
4
Let v(d) be the first derivative of -d**3/3 - 5*d**2/2 + 4. Determine v(-6).
-6
Let m be ((-2)/3)/(2/(-9)). Let d(q) be the first derivative of -q**2 + 3*q + 39. Give d(m).
-3
Let p(h) = -h + 3. Let v(k) = k - 11. Let o be v(17). Let b(m) = -m + 3. Let g(s) = o*b(s) - 7*p(s). Determine g(7).
4
Let u = -4 - -8. Let g(r) = 8 - 6*r + u*r**2 + 2*r**2 - 11 - r**3. Determine g(5).
-8
Let w = -55 - -58. Let d(p) = p**3 - 3*p**2 + 4. Determine d(w).
4
Let c(z) = z**3 + z - 1. Let u(h) = 3*h**3 - h + 2. Let a(b) = -c(b) - u(b). Determine a(1).
-5
Let o(h) = -5*h + 4. Let z(i) = i. Let l(c) = -o(c) - 4*z(c). Let y be 3 + (-1 - -6) + -3. What is l(y)?
1
Let y be (-1)/6 + (-426)/36. Let t be y/(-90) - (-64)/(-30). Let m(q) = q + 3. Give m(t).
1
Let i(d) be the second derivative of d**4/12 + 4*d**3/3 + 2*d**2 - 6*d + 5. Give i(-8).
4
Let h = -1 + 1. Let x(b) = 2 + h - 3 + b. Suppose 5*m - 4*m + 4 = v, 11 = 2*v + m. What is x(v)?
4
Let r(y) = -5*y - 4. Suppose 11 = 5*i + 4*f, -4*f - 1 = -i + 6. Suppose -q - 10 = 2*c, -2*c + i*q + 14 = -2*q. Determine r(c).
11
Let l(w) be the first derivative of -1 + 0*w - 1/6*w**3 - 1/24*w**4 - 1/2*w**2. Let p(f) be the second derivative of l(f). Give p(-2).
1
Let h(p) = -p - 2. Let d be ((-48)/18)/(2/6). Calculate h(d).
6
Suppose -5*g + 13 = -g + a, 2*a - 16 = -3*g. Suppose x = g*h + 8, h + 0*h + 11 = 4*x. Let o(r) = 5*r - 3 - 3*r + r. What is o(x)?
3
Let f(r) be the second derivative of 1/12*r**4 + r**2 + 2*r - 7/6*r**3 + 0. Let q be f(7). Let n(m) = m - 2. What is n(q)?
0
Let t(f) = 8*f**2 + 5*f + 3. Let o(g) = -4*g**2 - 2*g - 1. Suppose 10 = -0*n - 5*n. Let d(l) = n*t(l) - 5*o(l). Calculate d(1).
3
Let q(s) = s. Let g be 96/16*1/(-3). Give q(g).
-2
Suppose 15 = 2*z + c + 4*c, 3*z - c = 14. Suppose 1 = m - 4. Let k(l) = -4*l - 6. Let q(p) = -3*p 